NOAA-Style Climate Reports


Report for 2017 maart
                   Monthly Climatological Summary for mrt 2017

Name: Weerstation Tilburg-Reeshof   City: Tilburg   State: Noord Brabant
Elevation: 7 m  Lat: N 51° 34' 46"   Lon: E 005° 00' 37"

                  Temperature (°C), Rain (mm), Wind Speed (km/h)

                                      Heat  Cool        Avg
    Mean                              Deg   Deg         Wind                 Dom
Day Temp  High   Time   Low    Time   Days  Days  Rain  Speed High   Time    Dir
----------------------------------------------------------------------------------
 1   6,5   9,3   16:09   2,8   00:36  11,8   0,0   8,6   4,0  16,9   11:30   ZZW
 2   7,5   9,2   16:46   4,6   23:56  10,8   0,0   0,5   7,7  24,1   11:36   ZZW
 3   6,5  10,2   16:11   2,0   07:04  11,8   0,0   0,8   3,2  13,0   11:42     Z
 4  10,5  14,4   14:54   6,8   23:23   7,8   0,0   6,6   4,1  15,1   15:25     Z
 5   6,9  11,2   12:59   4,8   00:00  11,4   0,0   4,8   6,4  18,4   12:20     Z
 6   6,4   9,3   14:03   4,7   00:15  11,9   0,0   5,1   2,2  11,5   01:14   ZZW
 7   6,5  10,5   14:01   2,8   23:59  11,8   0,0   0,5   1,7   7,6   13:36    ZW
 8   6,7  10,7   17:04   2,4   00:51  11,6   0,0  14,2   4,3  17,3   10:23     Z
 9   9,4  13,8   16:26   6,0   01:18   8,9   0,0   1,0   3,1  11,2   15:02   WZW
10   7,1  13,9   16:41   1,1   07:36  11,2   0,0   0,0   1,5  10,1   15:12   ZZW
11   8,6  14,8   14:23   2,8   07:17   9,7   0,0   0,0   1,4   7,2   13:58    ZW
12  10,1  18,1   15:17   5,3   07:16   8,2   0,0   0,0   2,2  10,1   16:28    ZW
13   7,6  15,1   14:26   1,3   06:53  10,7   0,0   0,0   1,6  10,1   14:45   NNW
14   8,7  15,7   14:20   3,8   03:15   9,6   0,0   0,0   3,0  16,2   15:59   ZZW
15  11,4  16,8   16:04   6,1   23:56   6,9   0,0   0,0   1,6  10,1   11:41   WNW
16  10,4  19,5   16:36   2,8   06:26   8,0   0,1   0,0   2,0  11,5   13:33     Z
17   9,6  12,1   15:53   7,4   23:12   8,7   0,0   2,3   4,1  19,1   20:48   ZZW
18  10,6  13,5   14:59   7,4   00:00   7,7   0,0  17,5   4,9  19,8   02:03   ZZW
19  11,7  13,4   14:45  10,1   00:00   6,6   0,0   0,8   7,2  20,5   11:09   ZZW
20  10,7  12,0   15:17   9,7   22:55   7,6   0,0   4,1   8,3  22,0   16:24     Z
21   8,5  10,8   16:57   3,9   23:50   9,8   0,0   1,3   3,7  22,0   10:29   ZZW
22   7,7  15,5   16:59   1,2   06:25  10,6   0,0   0,0   3,4  13,7   12:42   ZZW
23   9,4  16,2   15:00   3,7   05:29   8,9   0,0   0,0   3,9  16,9   15:06     N
24   9,9  15,6   15:55   5,8   06:21   8,4   0,0   0,0   5,1  19,4   17:33     N
25  10,0  16,0   15:24   4,2   06:52   8,3   0,0   0,0   6,5  23,0   16:27     N
26   9,6  15,5   15:12   5,1   07:58   8,4   0,0   0,0   4,3  19,4   17:44     N
27  11,7  20,3   17:31   5,1   07:22   6,9   0,3   0,0   2,2  13,0   14:35    ZW
28  12,3  21,5   15:54   4,2   07:40   6,6   0,6   0,5   2,4  14,8   15:02   ZZW
29  13,2  16,9   17:07  10,1   04:57   5,1   0,0   0,0   4,7  17,3   10:03   ZZW
30  16,9  24,6   16:31  11,4   05:37   2,9   1,5   0,0   3,8  14,8   13:55     Z
31  16,3  24,1   14:16  11,8   07:27   2,8   0,8   0,0   4,0  16,9   14:25     Z
----------------------------------------------------------------------------------
     9,6  24,6    30     1,1    10   271,4   3,3  68,6   3,8  24,1     2     ZZW

Max >=  27,0:  0
Max <=   0,0:  0
Min <=   0,0:  0
Min <= -18,0:  0
Max Rain: 17,5 on day 18
Days of Rain: 15 (>= 0,2 mm)  8 (>= 2,0 mm)  0 (>= 20,0 mm)
Heat Base: 18,3  Cool Base: 18,3  Method: Integration