NOAA-Style Climate Reports


Report for 2017 april
                   Monthly Climatological Summary for apr 2017

Name: Weerstation Tilburg-Reeshof   City: Tilburg   State: Noord Brabant
Elevation: 7 m  Lat: N 51° 34' 46"   Lon: E 005° 00' 37"

                  Temperature (°C), Rain (mm), Wind Speed (km/h)

                                      Heat  Cool        Avg
    Mean                              Deg   Deg         Wind                 Dom
Day Temp  High   Time   Low    Time   Days  Days  Rain  Speed High   Time    Dir
----------------------------------------------------------------------------------
 1  12,0  16,1   15:44  10,0   03:24   6,3   0,0   7,6   2,0  10,1   12:13   ZZW
 2  11,4  18,0   16:09   6,0   07:56   6,9   0,0   0,0   1,9  12,2   18:45   WNW
 3  10,6  17,4   17:51   7,0   07:38   7,7   0,0   0,0   1,7   7,2   02:04   NNW
 4  11,1  17,3   17:11   6,2   07:13   7,2   0,0   0,0   1,5  11,2   15:14   NNW
 5  10,0  14,8   14:56   7,2   23:49   8,3   0,0   0,0   2,9  14,8   18:02     N
 6   8,8  13,6   18:15   5,6   01:32   9,5   0,0   0,0   2,1  13,0   15:33     N
 7  10,1  14,4   14:46   4,5   02:10   8,2   0,0   0,0   1,9   7,6   11:46     W
 8  12,3  17,8   17:22   8,8   07:12   6,0   0,0   0,0   1,7  11,5   16:18     N
 9  14,2  25,7   17:51   4,7   07:07   5,7   1,6   0,0   1,5  12,2   14:51   ZZW
10  12,0  16,0   15:27   7,0   00:00   6,3   0,0   0,0   2,9  14,0   18:00   NNW
11  10,1  16,5   16:32   4,4   05:29   8,2   0,0   0,0   2,4  12,2   17:55    ZW
12  10,1  13,4   14:10   7,3   07:26   8,2   0,0   0,0   4,9  18,4   14:13   ZZW
13  10,5  14,7   17:32   6,4   23:58   7,8   0,0   2,3   2,3  11,9   15:34    ZW
14   9,1  12,5   18:39   4,5   02:52   9,1   0,0   0,0   2,4   8,6   12:13   ZZW
15  10,8  14,1   18:25   7,7   23:07   7,5   0,0   1,5   3,7  11,2   01:47    ZW
16   9,3  13,4   15:28   6,4   04:48   9,0   0,0   2,3   2,7  14,8   16:21   WZW
17   8,3  13,0   15:47   4,7   06:45  10,0   0,0   6,1   4,7  21,2   16:24     N
18   7,1  13,5   18:16   1,3   05:28  11,2   0,0   0,0   2,5  14,8   12:40     N
19   5,9  11,0   17:39   0,4   07:06  12,4   0,0   0,0   4,7  18,0   11:24     N
20   7,2  16,3   18:25  -1,4   06:48  11,1   0,0   0,0   1,4  12,2   16:10    ZW
21  11,5  16,0   12:10   7,9   01:15   6,8   0,0   0,0   3,0  10,8   10:29   ZZW
22   9,9  13,8   16:40   6,6   23:34   8,4   0,0   1,0   3,5  20,2   16:27   NNW
23   8,2  12,1   18:09   4,9   23:55  10,1   0,0   0,0   1,9  14,0   17:02   NNW
24   9,8  16,3   14:04   3,5   03:21   8,5   0,0   0,8   4,0  16,9   11:54   ZZW
25   8,0  11,8   15:48   4,4   23:53  10,3   0,0   2,0   3,2  13,7   10:40   WNW
26   6,8  13,0   14:35   1,2   06:57  11,5   0,0   1,8   2,5  16,6   18:12   NNW
27   6,9  12,9   16:45   0,2   06:45  11,4   0,0   1,0   1,6  10,1   12:40     W
28   8,7  14,2   17:40   4,3   01:23   9,6   0,0   0,0   2,5  11,2   11:58    ZW
29   8,4  15,6   16:45   0,4   06:18   9,9   0,0   0,0   1,4   7,9   12:43    NW
30  13,8  22,2   17:54   5,9   06:15   5,2   0,7   0,0   4,4  16,2   12:25    ZW
----------------------------------------------------------------------------------
     9,8  25,7     9    -1,4    20   258,3   2,3  26,4   2,7  21,2    17       W

Max >=  27,0:  0
Max <=   0,0:  0
Min <=   0,0:  1
Min <= -18,0:  0
Max Rain: 7,6 on day 1
Days of Rain: 10 (>= 0,2 mm)  5 (>= 2,0 mm)  0 (>= 20,0 mm)
Heat Base: 18,3  Cool Base: 18,3  Method: Integration