NOAA-Style Climate Reports


Report for 2017 mei
                   Monthly Climatological Summary for mei 2017

Name: Weerstation Tilburg-Reeshof   City: Tilburg   State: Noord Brabant
Elevation: 7 m  Lat: N 51° 34' 46"   Lon: E 005° 00' 37"

                  Temperature (°C), Rain (mm), Wind Speed (km/h)

                                      Heat  Cool        Avg
    Mean                              Deg   Deg         Wind                 Dom
Day Temp  High   Time   Low    Time   Days  Days  Rain  Speed High   Time    Dir
----------------------------------------------------------------------------------
 1  14,1  16,4   14:39  10,2   23:54   4,2   0,0   0,0   3,9  14,8   02:20   ZZW
 2  10,5  15,6   16:34   6,4   05:10   7,8   0,0  10,9   1,6  14,0   18:17     N
 3  11,4  18,1   17:51   8,0   04:56   6,9   0,0   2,8   3,4  11,5   19:38     N
 4  12,2  16,1   13:38   9,7   09:30   6,1   0,0   2,8   6,0  20,5   18:29     N
 5  10,1  13,3   17:14   8,1   06:19   8,2   0,0   0,0   4,5  17,3   02:35     N
 6  14,1  23,7   17:27   6,7   04:38   5,1   0,9   0,0   4,7  15,8   13:22     N
 7  12,8  16,9   14:36   9,5   07:03   5,5   0,0   0,0   2,7  10,1   02:09   NNW
 8  11,4  17,1   17:59   8,0   23:58   6,9   0,0   0,0   3,8  18,7   19:17     N
 9  10,3  17,9   17:08   3,8   05:56   8,0   0,0   0,0   3,2  14,8   13:43     N
10  12,0  22,6   18:22   2,8   06:15   6,8   0,5   0,0   2,2  14,8   15:38     N
11  15,9  27,2   16:45   7,9   06:23   4,2   1,8   2,3   3,0  11,9   15:19   WZW
12  17,4  24,2   18:33  13,6   04:40   2,2   1,3   3,3   3,6  16,9   14:00   ZZW
13  15,9  22,4   14:20  12,0   23:49   2,9   0,5   4,3   3,1  15,5   15:04   ZZW
14  15,6  21,8   12:56  10,4   05:37   3,4   0,7   1,0   3,4  16,2   13:49   ZZW
15  15,9  25,2   16:47   7,3   06:16   4,0   1,6   0,0   2,7  12,6   15:23   ZZW
16  22,5  30,7   16:30  16,8   06:15   0,3   4,5   0,0   3,4  17,3   14:57   ZZW
17  24,7  34,6   16:00  17,0   02:01   0,2   6,6   0,0   2,4  16,9   14:35     Z
18  18,8  22,4   00:56  15,9   06:24   0,6   1,1   2,3   2,9  11,2   02:11     W
19  15,0  17,6   00:00  12,0   23:54   3,3   0,0   0,0   4,8  17,6   06:55   ZZW
20  14,1  22,3   19:15   8,1   05:38   4,7   0,4   3,3   3,1  16,6   13:34     Z
21  16,0  24,2   18:55   8,4   06:13   3,6   1,3   0,0   1,7  10,8   18:15   ZZW
22  19,9  29,7   17:16  10,6   05:56   2,2   3,9   0,0   1,9  12,2   12:07   ZZW
23  19,1  24,2   16:06  13,9   05:20   1,0   1,8   0,0   2,3  11,5   17:41     W
24  18,7  25,7   16:43  12,4   05:54   1,8   2,2   0,0   2,4  10,4   18:28   WNW
25  19,2  27,3   17:28  11,7   06:53   2,2   3,1   0,0   3,0  14,8   14:17     N
26  22,6  30,8   17:48  15,0   06:01   0,7   5,1   0,0   3,2  15,5   14:26    NW
27  25,3  36,5   17:01  17,5   06:00   0,1   7,0   0,0   3,1  12,6   09:56    ZW
28  22,1  29,6   14:59  15,6   05:54   0,4   4,2  10,4   2,3  11,5   20:00    NW
29  24,0  33,6   15:33  17,2   05:50   0,1   5,8   0,0   3,4  16,6   09:43    NW
30  20,4  24,4   15:29  17,3   23:34   0,1   2,2   0,0   3,4  14,0   15:23   ZZW
31  19,0  25,7   14:19  13,9   06:36   1,4   2,1   0,0   2,9  15,8   15:52   WZW
----------------------------------------------------------------------------------
    16,8  36,5    27     2,8    10   104,9  58,6  43,4   3,2  20,5     4       W

Max >=  27,0:  9
Max <=   0,0:  0
Min <=   0,0:  0
Min <= -18,0:  0
Max Rain: 10,9 on day 2
Days of Rain: 10 (>= 0,2 mm)  9 (>= 2,0 mm)  0 (>= 20,0 mm)
Heat Base: 18,3  Cool Base: 18,3  Method: Integration