NOAA-Style Climate Reports


Report for 2017 juni
                   Monthly Climatological Summary for jun 2017

Name: Weerstation Tilburg-Reeshof   City: Tilburg   State: Noord Brabant
Elevation: 7 m  Lat: N 51° 34' 46"   Lon: E 005° 00' 37"

                  Temperature (°C), Rain (mm), Wind Speed (km/h)

                                      Heat  Cool        Avg
    Mean                              Deg   Deg         Wind                 Dom
Day Temp  High   Time   Low    Time   Days  Days  Rain  Speed High   Time    Dir
----------------------------------------------------------------------------------
 1  19,5  28,0   16:50  11,7   06:08   1,9   3,1   0,0   2,5  14,4   18:39     N
 2  22,4  30,7   15:38  14,7   05:30   0,7   4,8   0,0   2,0  10,4   14:11    NW
 3  21,6  26,3   14:12  17,5   23:58   0,0   3,3   0,0   2,2   8,6   12:09    ZW
 4  18,2  22,9   16:12  13,7   07:05   1,3   1,2   0,0   2,8  14,4   15:05    ZW
 5  18,5  26,0   17:04  11,2   05:28   2,1   2,3   0,0   4,0  16,6   16:37   ZZW
 6  16,3  19,2   17:23  13,5   13:43   2,0   0,0   6,1   7,5  22,0   14:24   ZZW
 7  15,4  20,8   17:47  12,8   05:02   3,1   0,3   1,5   7,8  22,3   11:09   ZZW
 8  19,1  26,9   15:38  12,2   04:58   2,0   2,8   0,8   5,1  14,8   11:59   ZZW
 9  18,3  22,8   15:58  14,9   23:59   0,9   0,9  14,7   3,5  13,7   03:34   ZZW
10  19,7  29,3   17:48  10,7   05:40   2,3   3,6   0,0   3,5  13,0   15:45   ZZW
11  22,6  30,8   15:24  16,6   02:47   0,2   4,5   0,0   3,4  11,9   12:07   ZZW
12  17,1  19,3   15:02  14,3   05:37   1,3   0,1   0,0   4,7  14,4   10:38   ZZW
13  18,2  24,2   16:03  12,3   05:48   1,6   1,5   0,0   2,4  12,2   19:42   WZW
14  20,2  28,8   17:07  12,0   05:30   1,8   3,7   0,0   2,3  11,5   18:38   NNW
15  22,9  28,8   16:09  16,6   05:43   0,2   4,8   0,0   3,2  13,0   11:16    ZW
16  18,1  20,7   12:46  14,8   23:59   0,7   0,5   0,0   3,0  13,0   14:43   WZW
17  20,2  27,3   16:01  13,7   00:49   1,1   3,0   0,0   2,1   9,0   16:39   WZW
18  23,1  31,6   16:19  15,1   04:59   0,6   5,4   0,0   1,5   9,4   14:43   WNW
19  25,9  34,7   15:55  17,8   05:20   0,0   7,6   0,0   1,8  10,4   16:04   WZW
20  25,1  31,8   14:56  19,8   06:15   0,0   6,8   0,0   4,3  16,6   17:46     N
21  23,8  31,6   15:57  16,0   06:22   0,4   5,9   0,0   3,2  10,8   00:17   NNW
22  25,3  34,5   15:00  19,8   23:55   0,0   7,0   0,5   3,8  16,6   12:29   ZZW
23  21,3  25,9   15:09  18,2   05:49   0,0   3,0   0,0   4,4  14,8   12:43   ZZW
24  17,0  18,6   14:57  15,2   18:03   1,3   0,0   1,3   5,3  14,0   12:48   ZZW
25  18,6  21,4   15:14  16,8   18:16   0,2   0,5   0,0   4,8  13,7   05:02   ZZW
26  19,1  24,5   15:15  16,1   07:09   0,6   1,4   0,0   3,2  14,4   00:21   WNW
27  17,1  21,0   11:53  13,5   05:51   1,7   0,4   0,5   3,2   9,7   06:37     N
28  18,8  22,2   11:21  16,5   17:02   0,2   0,8   2,8   2,8  12,6   14:45   ZZW
29  18,2  23,0   14:57  16,3   04:05   0,8   0,7   1,0   2,5  14,0   12:45   ZZW
30  17,0  22,4   14:39  14,0   04:03   1,9   0,6   4,8   2,7  11,5   13:45   ZZW
----------------------------------------------------------------------------------
    20,0  34,7    19    10,7    10    30,9  80,5  34,0   3,5  22,3     7      ZW

Max >=  27,0: 12
Max <=   0,0:  0
Min <=   0,0:  0
Min <= -18,0:  0
Max Rain: 14,7 on day 9
Days of Rain: 10 (>= 0,2 mm)  4 (>= 2,0 mm)  0 (>= 20,0 mm)
Heat Base: 18,3  Cool Base: 18,3  Method: Integration