NOAA-Style Climate Reports


Report for 2017 juli
                   Monthly Climatological Summary for jul 2017

Name: Weerstation Tilburg-Reeshof   City: Tilburg   State: Noord Brabant
Elevation: 7 m  Lat: N 51° 34' 46"   Lon: E 005° 00' 37"

                  Temperature (°C), Rain (mm), Wind Speed (km/h)

                                      Heat  Cool        Avg
    Mean                              Deg   Deg         Wind                 Dom
Day Temp  High   Time   Low    Time   Days  Days  Rain  Speed High   Time    Dir
----------------------------------------------------------------------------------
 1  15,8  18,0   17:56  14,4   05:43   2,5   0,0  16,5   2,1  16,9   16:01   WNW
 2  16,4  20,3   15:32  13,2   23:56   2,1   0,2   0,8   2,3   8,6   07:14    ZW
 3  16,6  24,2   14:50   9,9   05:25   2,8   1,1   0,0   3,3  14,8   13:01   ZZW
 4  19,2  23,8   13:59  16,0   05:01   0,6   1,6   0,0   2,3   9,7   14:34   ZZW
 5  20,7  27,4   15:09  15,0   05:18   0,7   3,1   0,0   1,1  10,1   19:41     N
 6  20,8  29,3   14:10  14,4   05:40   0,8   3,3  21,8   1,4   9,7   12:15    NW
 7  21,6  28,0   15:02  17,6   05:55   0,1   3,3   0,0   2,9  13,3   12:31    ZW
 8  20,9  27,2   15:45  17,6   04:23   0,1   2,8   0,0   1,9  13,0   20:32   WNW
 9  19,3  25,3   15:08  13,2   05:23   1,3   2,3   0,0   2,5  13,7   13:47     N
10  20,0  28,5   14:58  16,1   19:19   0,4   2,0   2,8   2,2  11,2   17:15   ZZW
11  18,1  22,5   14:38  14,8   02:53   1,1   0,9   1,3   3,7  14,0   15:26   ZZW
12  16,0  17,9   14:55  13,0   23:57   2,3   0,0  41,1   3,0  17,3   15:35     N
13  15,4  21,9   14:39   8,8   05:30   3,4   0,5   0,0   1,1   7,6   14:55     W
14  15,8  20,3   11:51  11,4   05:50   2,7   0,1   2,8   2,3  13,7   13:22    ZW
15  17,4  23,6   15:02  11,4   05:14   2,3   1,4   0,5   2,2  11,2   13:02   ZZW
16  19,1  23,1   15:02  16,1   03:54   0,6   1,5   0,0   2,5  10,1   14:49   ZZW
17  21,1  25,9   15:40  17,2   06:14   0,2   3,0   5,3   3,2  10,8   19:31     N
18  21,6  29,6   15:38  14,8   05:50   0,8   4,1   0,0   3,6  18,7   16:03     N
19  24,6  30,1   11:56  19,8   06:03   0,0   6,3   0,0   3,5  25,2   14:43    ZW
20  21,0  26,7   14:56  16,9   23:56   0,1   2,7   6,6   3,8  23,0   17:27   ZZW
21  19,5  27,0   15:01  11,8   06:04   1,9   3,2   0,0   3,0  12,6   11:18    ZW
22  20,6  28,0   14:24  15,6   06:42   0,3   2,6   1,8   2,9  12,2   10:13   ZZW
23  16,0  20,7   14:40  13,7   07:09   2,4   0,1  18,0   3,6  14,4   11:12   ZZW
24  15,9  20,3   16:01  12,7   06:14   2,6   0,2   3,3   2,1  18,4   13:57   WZW
25  16,8  22,3   15:02  13,7   06:17   1,9   0,4   6,1   2,0  14,4   15:13   NNW
26  19,4  25,6   16:17  14,9   07:11   1,1   2,2   1,3   2,2  12,2   21:04   ZZW
27  19,2  22,1   15:18  17,1   06:24   0,2   1,1   1,0   3,8  15,1   10:39   ZZW
28  16,8  20,6   14:20  13,8   06:35   1,7   0,2   3,8   4,6  14,8   12:52   ZZW
29  19,5  24,2   15:02  15,8   00:00   0,6   1,9   0,0   4,0  16,2   12:01   ZZW
30  20,3  24,4   11:31  17,3   03:41   0,1   2,1   0,0   4,5  20,5   11:23   ZZW
31  19,9  27,0   15:54  14,4   05:42   1,1   2,7   0,0   2,7  18,4   14:05   ZZW
----------------------------------------------------------------------------------
    18,9  30,1    19     8,8    13    38,8  56,9 134,8   2,8  25,2    19      ZW

Max >=  27,0: 10
Max <=   0,0:  0
Min <=   0,0:  0
Min <= -18,0:  0
Max Rain: 41,1 on day 12
Days of Rain: 17 (>= 0,2 mm)  11 (>= 2,0 mm)  2 (>= 20,0 mm)
Heat Base: 18,3  Cool Base: 18,3  Method: Integration