NOAA-Style Climate Reports


Report for 2017 augustus
                   Monthly Climatological Summary for aug 2017

Name: Weerstation Tilburg-Reeshof   City: Tilburg   State: Noord Brabant
Elevation: 7 m  Lat: N 51° 34' 46"   Lon: E 005° 00' 37"

                  Temperature (°C), Rain (mm), Wind Speed (km/h)

                                      Heat  Cool        Avg
    Mean                              Deg   Deg         Wind                 Dom
Day Temp  High   Time   Low    Time   Days  Days  Rain  Speed High   Time    Dir
----------------------------------------------------------------------------------
 1  20,1  25,0   18:54  16,0   06:54   0,3   2,1   0,0   1,3   7,6   18:44     Z
 2  18,9  25,9   14:55  15,9   19:39   0,8   1,4   2,3   0,9  14,4   16:02   ZZW
 3  19,4  24,2   14:43  16,6   04:39   0,5   1,6   4,3   5,9  22,7   15:20   ZZW
 4  19,0  23,4   14:59  15,8   05:08   0,6   1,3   0,0   5,2  16,9   13:41   ZZW
 5  16,7  21,9   12:04  14,0   02:30   1,9   0,3   5,6   2,1  10,4   12:03   ZZW
 6  16,9  24,7   15:24  10,6   06:30   2,8   1,4   0,5   2,4  11,9   16:30   ZZW
 7  18,3  26,3   15:29  11,1   06:35   2,4   2,4   0,0   2,2  11,2   14:06    ZW
 8  15,9  18,2   12:10  11,9   18:50   2,4   0,0   6,1   2,5   9,7   01:30   NNW
 9  17,8  24,1   15:52  13,7   06:42   1,8   1,3   0,0   3,9  14,8   10:08   ZZW
10  16,0  18,4   14:55  14,4   03:55   2,3   0,0   7,1   0,0   1,4   20:03     N
11  17,4  22,8   15:42  13,6   06:35   1,7   0,8   1,0   0,8   8,3   17:32    ZW
12  17,5  21,4   16:34  14,8   06:49   1,4   0,5   1,8   3,5  13,7   00:47   ZZW
13  17,7  23,5   15:00  13,1   06:50   1,8   1,1   0,5   1,6  11,2   18:19   NNW
14  19,8  28,4   15:57  12,4   05:42   1,7   3,2   0,0   1,5  11,9   15:46   ZZW
15  18,7  24,1   14:37  15,5   06:48   0,6   1,0   1,5   1,4  13,3   14:11   WZW
16  18,7  24,8   15:10  14,2   06:52   1,2   1,6   0,0   1,8  10,1   11:15   ZZW
17  17,4  19,8   11:12  14,4   02:43   1,1   0,2   2,3   3,3  11,5   14:06     Z
18  17,5  21,5   13:00  13,9   23:57   1,4   0,5  17,5   3,6  12,2   10:50   ZZW
19  15,5  19,9   15:03  12,2   03:13   2,9   0,1   2,3   4,8  15,5   08:43   ZZW
20  16,0  20,9   15:28  12,2   07:18   2,6   0,3   5,3   2,8  12,2   12:35   ZZW
21  17,8  25,0   18:55  11,4   06:53   2,4   1,9   0,0   1,9   8,6   10:55   ZZW
22  19,6  28,0   15:21  13,5   07:23   1,3   2,6   0,0   1,5   8,6   17:20    NW
23  21,4  29,6   15:02  15,1   06:16   0,7   3,8   0,0   2,4   9,7   14:22   WZW
24  19,2  24,8   14:56  15,8   23:59   0,5   1,4   0,0   3,4  11,2   09:02   ZZW
25  19,4  27,3   15:24  13,6   07:02   1,6   2,7   0,0   1,7   9,0   19:54     W
26  20,3  27,2   15:12  14,8   06:52   0,7   2,8   0,0   1,3   6,8   14:33    NW
27  21,0  27,1   14:59  16,0   07:20   0,3   3,0   0,0   1,7  10,8   17:50     N
28  21,1  29,0   15:56  14,4   07:09   0,9   3,7   0,0   1,1   8,6   14:47   NNW
29  23,1  31,8   15:24  15,9   06:25   0,5   5,2   0,0   1,6   8,6   13:08   ZZW
30  20,1  27,0   14:58  14,8   23:56   0,6   2,3  23,1   2,5  10,4   04:14   NNW
31  16,0  20,3   15:15  13,3   09:06   2,5   0,2   5,1   1,9   8,6   00:30   WZW
----------------------------------------------------------------------------------
    18,5  31,8    29    10,6     6    44,2  50,7  86,3   2,3  22,7     3      ZW

Max >=  27,0:  9
Max <=   0,0:  0
Min <=   0,0:  0
Min <= -18,0:  0
Max Rain: 23,1 on day 30
Days of Rain: 16 (>= 0,2 mm)  11 (>= 2,0 mm)  1 (>= 20,0 mm)
Heat Base: 18,3  Cool Base: 18,3  Method: Integration