NOAA-Style Climate Reports


Report for 2017 september
                   Monthly Climatological Summary for sep 2017

Name: Weerstation Tilburg-Reeshof   City: Tilburg   State: Noord Brabant
Elevation: 7 m  Lat: N 51° 34' 46"   Lon: E 005° 00' 37"

                  Temperature (°C), Rain (mm), Wind Speed (km/h)

                                      Heat  Cool        Avg
    Mean                              Deg   Deg         Wind                 Dom
Day Temp  High   Time   Low    Time   Days  Days  Rain  Speed High   Time    Dir
----------------------------------------------------------------------------------
 1  15,1  21,8   13:15  10,8   07:20   3,6   0,4   2,8   1,1   8,6   16:24   WNW
 2  15,6  20,1   13:27  12,5   07:55   2,9   0,2   0,0   1,5   9,7   13:30     N
 3  14,9  22,2   14:50   8,5   07:26   4,1   0,6   0,0   1,4   9,4   14:34   ZZW
 4  16,0  23,9   15:00  11,1   04:51   3,0   0,7   0,0   2,2   9,7   17:22     Z
 5  19,2  24,6   14:37  16,5   01:02   0,6   1,6   0,0   2,6  11,2   14:36   ZZW
 6  16,5  18,9   15:02  13,5   19:53   1,8   0,0   4,3   3,4  13,7   12:15    ZW
 7  16,1  20,8   15:30  12,6   06:10   2,4   0,2   0,0   3,9  12,2   14:12   ZZW
 8  14,8  16,6   14:58  12,9   18:23   3,5   0,0   8,9   6,6  19,4   08:22   ZZW
 9  14,3  17,9   14:20  11,1   23:56   4,0   0,0  12,7   2,9  12,2   11:28   ZZW
10  13,2  18,2   15:07   9,1   07:08   5,1   0,0   0,5   5,1  15,5   15:14   ZZW
11  14,4  18,8   14:16  12,1   07:33   3,9   0,0   3,3   8,4  21,2   13:29   ZZW
12  14,0  18,9   15:25  12,0   06:21   4,3   0,0   7,1   5,1  18,4   12:50   ZZW
13  14,3  19,2   14:58  11,6   23:50   4,0   0,0  10,4   7,9  25,2   07:59   ZZW
14  11,4  13,0   13:14   9,2   16:34   7,0   0,0  23,1   4,8  16,9   15:30   ZZW
15  12,4  18,2   17:08   9,4   02:17   5,9   0,0   1,8   2,6  10,8   16:19   ZZW
16  12,2  17,1   16:01   9,1   07:10   6,1   0,0   0,0   1,8   8,3   13:54   ZZW
17  12,2  19,5   15:48   6,3   07:48   6,2   0,1   0,0   1,2   9,0   15:48   ZZW
18  12,8  18,5   15:39   9,6   06:21   5,5   0,0   7,1   3,0  13,3   13:50   ZZW
19  13,2  19,7   15:51   9,0   06:03   5,2   0,1   0,0   1,4  11,2   12:08   NNW
20  14,2  20,4   17:15   9,7   08:06   4,3   0,2   0,5   2,4  12,2   12:12   ZZW
21  15,0  22,3   17:08   9,6   07:53   4,0   0,7   0,0   2,4  10,4   15:27     Z
22  13,9  20,3   16:15   8,6   07:16   4,6   0,2   0,0   0,9   8,6   14:55    ZW
23  12,0  20,4   15:42   5,9   07:56   6,5   0,2   0,0   0,9   9,4   14:56   NNW
24  14,2  22,4   15:47   7,2   07:38   4,9   0,7   0,0   1,2   9,0   16:49   WNW
25  14,5  20,3   16:49  10,2   08:00   4,0   0,3   0,0   1,8  10,1   15:50     N
26  14,5  19,8   17:25  11,6   07:40   3,9   0,1   0,0   2,2   9,4   13:40     N
27  15,5  23,2   16:18   9,6   07:59   3,8   0,9   0,0   1,1   7,6   12:59   WZW
28  18,0  23,1   14:55  14,1   08:46   1,8   1,5   2,8   2,4  10,8   13:09   ZZW
29  18,3  25,9   16:04  13,4   07:12   1,8   1,8   0,0   2,2  10,1   16:04     Z
30  14,9  17,7   00:00  10,2   23:50   3,4   0,0   3,3   1,2   6,1   14:39   ZZW
----------------------------------------------------------------------------------
    14,6  25,9    29     5,9    23   122,1  10,5  88,6   2,8  25,2    13     ZZW

Max >=  27,0:  0
Max <=   0,0:  0
Min <=   0,0:  0
Min <= -18,0:  0
Max Rain: 23,1 on day 14
Days of Rain: 14 (>= 0,2 mm)  11 (>= 2,0 mm)  1 (>= 20,0 mm)
Heat Base: 18,3  Cool Base: 18,3  Method: Integration