NOAA-Style Climate Reports


Report for 2017 oktober
                   Monthly Climatological Summary for okt 2017

Name: Weerstation Tilburg-Reeshof   City: Tilburg   State: Noord Brabant
Elevation: 7 m  Lat: N 51° 34' 46"   Lon: E 005° 00' 37"

                  Temperature (°C), Rain (mm), Wind Speed (km/h)

                                      Heat  Cool        Avg
    Mean                              Deg   Deg         Wind                 Dom
Day Temp  High   Time   Low    Time   Days  Days  Rain  Speed High   Time    Dir
----------------------------------------------------------------------------------
 1  14,0  18,9   14:02  10,0   00:24   4,3   0,0   0,0   4,5  16,2   14:06     Z
 2  16,4  19,4   15:59  13,8   23:42   2,0   0,1   0,0   6,4  18,0   20:37   ZZW
 3  14,1  18,3   16:54  11,5   06:49   4,2   0,0   0,5   3,1  12,2   01:09   ZZW
 4  13,4  15,9   13:12  12,1   03:31   4,9   0,0   0,0  ----  16,6   13:42   ZZW
 5  13,7  16,2   16:24  10,4   23:35   4,6   0,0  10,9   4,8  19,4   08:55    ZW
 6  10,9  15,3   15:13   9,0   02:27   7,4   0,0   7,1   2,0  14,0   15:19   WZW
 7  11,5  13,0   13:37   9,7   00:00   6,8   0,0  13,7   5,1  16,9   11:53   ZZW
 8  13,0  15,6   15:10  11,4   07:51   5,3   0,0   4,3   1,0   9,7   13:06   WZW
 9  12,9  15,8   13:53  10,5   07:59   5,4   0,0   0,8   1,9  10,1   13:42   ZZW
10  14,3  17,2   16:45  12,5   01:04   4,0   0,0   1,0   3,7  11,9   11:57   ZZW
11  14,8  17,1   14:35  13,0   07:31   3,5   0,0   0,0   6,4  17,3   20:53   ZZW
12  14,4  17,9   15:38  10,2   23:49   3,9   0,0   0,5   4,1  19,4   02:05   ZZW
13  14,4  20,1   15:40   9,5   03:12   4,1   0,2   0,0   2,8  12,6   11:57   ZZW
14  16,0  22,0   16:23  12,5   08:07   3,0   0,7   0,0   2,5  10,1   11:18   ZZW
15  16,3  24,6   16:08  11,3   07:39   3,2   1,2   0,5   2,2   9,0   13:17     Z
16  19,1  26,4   16:02  14,5   03:08   1,3   2,1   0,0   3,3  10,4   11:57     Z
17  15,1  18,3   00:00  12,3   08:26   3,2   0,0   0,0   1,7  11,2   12:46   ZZW
18  15,6  22,2   16:18  12,1   08:05   3,2   0,6   0,0   1,6   7,6   04:07   WZW
19  16,3  22,5   15:37  11,6   05:53   2,8   0,9   0,0   1,9  10,1   13:51   ZZW
20  14,4  17,6   00:00  11,2   23:07   3,9   0,0   4,1   6,3  20,5   14:03   ZZW
21  13,3  18,5   15:41  10,4   23:07   5,0   0,0   1,0   5,1  18,4   11:29   ZZW
22  10,6  12,5   15:17   9,3   23:22   7,7   0,0  17,5   6,2  18,4   04:33   ZZW
23  12,1  15,5   16:17   9,4   00:00   6,2   0,0   0,5   3,4  11,2   10:19   ZZW
24  14,8  16,8   17:26  12,8   00:00   3,5   0,0   1,3   4,5  10,4   09:18   ZZW
25  15,4  16,5   16:35  13,0   23:28   2,9   0,0   0,0   3,9  15,8   10:33   ZZW
26  13,8  16,4   13:04  12,0   03:06   4,5   0,0   0,5   1,7   7,9   10:32   ZZW
27  12,5  15,7   15:54   9,8   22:54   5,8   0,0   0,5   1,7  16,6   13:13    NW
28  11,5  14,8   23:21   9,0   06:14   6,8   0,0   0,5   4,3  15,5   17:05    ZW
29  11,6  14,9   01:54   6,6   22:56   6,9   0,0   1,8   3,8  15,8   05:28    NW
30   8,3  12,6   15:00   5,6   06:47  10,0   0,0   0,0   0,9  10,4   13:04   NNW
31   9,6  12,1   12:20   7,4   00:00   8,7   0,0   0,0   3,7  10,8   11:53   ZZW
----------------------------------------------------------------------------------
    13,7  26,4    16     5,6    30   149,0   5,8  67,0   3,5  20,5    20     ZZW

Max >=  27,0:  0
Max <=   0,0:  0
Min <=   0,0:  0
Min <= -18,0:  0
Max Rain: 17,5 on day 22
Days of Rain: 18 (>= 0,2 mm)  6 (>= 2,0 mm)  0 (>= 20,0 mm)
Heat Base: 18,3  Cool Base: 18,3  Method: Integration