NOAA-Style Climate Reports


Report for 2017 november
                   Monthly Climatological Summary for nov 2017

Name: Weerstation Tilburg-Reeshof   City: Tilburg   State: Noord Brabant
Elevation: 7 m  Lat: N 51° 34' 46"   Lon: E 005° 00' 37"

                  Temperature (°C), Rain (mm), Wind Speed (km/h)

                                      Heat  Cool        Avg
    Mean                              Deg   Deg         Wind                 Dom
Day Temp  High   Time   Low    Time   Days  Days  Rain  Speed High   Time    Dir
----------------------------------------------------------------------------------
 1  11,4  15,4   14:14   9,0   08:00   6,9   0,0   0,0   3,5  11,2   11:19   ZZW
 2   9,8  13,9   14:58   5,6   07:53   8,5   0,0   0,5   2,2   7,9   13:14   ZZW
 3  10,3  14,6   14:38   7,1   23:10   8,0   0,0   0,0   1,2   7,2   10:24     Z
 4  10,4  14,5   12:46   7,0   03:11   7,9   0,0   1,5   3,3  13,3   15:40     Z
 5   8,1  11,4   00:00   4,0   22:03  10,2   0,0   3,8   1,8  16,9   13:01   ZZW
 6   5,9  11,8   14:54   1,4   23:56  12,4   0,0   0,8   0,6   9,7   12:32   WNW
 7   3,3  10,6   14:42  -1,1   07:37  15,0   0,0   0,0   0,5   6,8   14:17   WZW
 8   5,4   8,1   14:38   2,1   01:16  12,7   0,0   0,0   1,5   7,6   13:43     N
 9   8,5  11,7   14:48   5,6   08:01   9,8   0,0   1,0   3,2  12,2   16:44   ZZW
10   9,3  12,9   13:46   6,6   22:39   9,0   0,0   0,0   4,5  15,1   11:14   ZZW
11   6,9   9,3   14:46   4,8   20:35  11,4   0,0   1,0   2,6   9,7   08:58   ZZW
12   5,4   7,5   12:01   4,6   01:52  12,9   0,0   6,1   1,7  11,2   19:31   WZW
13   6,1  11,2   14:16   1,6   23:54  12,2   0,0   0,5   1,4  11,2   10:55     N
14   6,6   9,8   14:02   1,5   00:12  11,7   0,0   0,8   3,8  14,8   11:33   ZZW
15   9,3  10,9   14:08   8,2   04:42   9,0   0,0   0,5   2,8   8,6   00:37     Z
16   9,4  10,1   20:44   8,6   07:28   8,9   0,0   1,5   3,1   8,6   13:24   ZZW
17   6,2  11,4   14:26   2,0   08:16  12,1   0,0   0,0   0,6   4,0   14:13   ZZW
18   6,6   8,8   13:30   2,7   00:00  11,7   0,0   2,3   3,6  15,1   13:20   ZZW
19   6,5  10,7   13:39   4,2   04:23  11,8   0,0   1,0   1,9   9,0   14:13    ZW
20   6,9  11,8   22:42   4,3   08:51  11,4   0,0   7,1   4,7  14,8   20:50   ZZW
21  11,4  12,4   12:36  10,0   18:38   6,9   0,0   3,3   5,6  17,3   20:08   ZZW
22  11,2  14,7   14:14   9,4   21:49   7,1   0,0   0,0   7,7  16,9   01:14     Z
23  11,2  15,0   12:31   7,7   20:51   7,1   0,0   4,6   7,5  28,1   09:42     Z
24   7,7  10,3   14:23   6,0   23:57  10,6   0,0   6,6   1,4   7,6   00:27   ZZW
25   3,6   7,6   13:34   0,5   07:29  14,7   0,0   2,0   2,1   9,0   19:50   ZZW
26   4,4   7,6   14:02   2,7   00:00  13,9   0,0   1,8   5,2  13,3   13:12   ZZW
27   6,2   8,7   15:29   3,2   04:37  12,1   0,0  12,2   7,0  21,6   10:39   ZZW
28   4,7   7,5   13:50   1,2   23:47  13,6   0,0   0,5   3,6  10,8   00:14   ZZW
29   2,8   4,3   14:30   0,8   03:13  15,5   0,0   0,0   1,9   7,6   04:05   ZZW
30   2,6   4,1   13:37   1,6   02:54  15,7   0,0   3,8   1,7   7,9   11:53   ZZW
----------------------------------------------------------------------------------
     7,3  15,4     1    -1,1     7   330,7   0,0  63,2   3,1  28,1    23     ZZW

Max >=  27,0:  0
Max <=   0,0:  0
Min <=   0,0:  1
Min <= -18,0:  0
Max Rain: 12,2 on day 27
Days of Rain: 22 (>= 0,2 mm)  10 (>= 2,0 mm)  0 (>= 20,0 mm)
Heat Base: 18,3  Cool Base: 18,3  Method: Integration