NOAA-Style Climate Reports


Report for 2017 december
                   Monthly Climatological Summary for dec 2017

Name: Weerstation Tilburg-Reeshof   City: Tilburg   State: Noord Brabant
Elevation: 7 m  Lat: N 51° 34' 46"   Lon: E 005° 00' 37"

                  Temperature (°C), Rain (mm), Wind Speed (km/h)

                                      Heat  Cool        Avg
    Mean                              Deg   Deg         Wind                 Dom
Day Temp  High   Time   Low    Time   Days  Days  Rain  Speed High   Time    Dir
----------------------------------------------------------------------------------
 1   1,0   2,8   14:47  -2,6   23:41  17,3   0,0   0,0   1,4  10,8   10:53     N
 2  -0,7   0,0   13:32  -2,5   00:00  18,9   0,0   0,0   2,5   8,6   23:52     Z
 3   1,9   4,2   21:07  -0,4   00:00  16,4   0,0   0,5   3,8  10,8   09:04   ZZW
 4   5,9   9,1   14:19   3,2   23:46  12,4   0,0   1,0   1,5   7,2   17:35   ZZW
 5   6,2   7,6   14:00   3,2   00:00  12,1   0,0   0,0   3,8  10,1   13:09   ZZW
 6   7,7   9,6   13:39   6,8   01:25  10,6   0,0   0,0   5,6  16,9   23:16   ZZW
 7   5,9   7,2   19:34   4,2   06:53  12,4   0,0   7,9   8,5  21,6   02:04     Z
 8   3,8   6,2   00:28   1,9   11:34  14,5   0,0   3,3   4,2  19,8   10:02   ZZW
 9   2,9   4,5   11:16   1,2   23:54  15,4   0,0   0,5   5,6  15,1   23:14   ZZW
10   2,3   5,2   18:27   0,7   13:00  16,0   0,0  13,2   6,5  35,6   18:56   ZZW
11   0,5   2,5   00:00  -0,8   03:37  17,8   0,0   0,0   3,3  14,0   12:49     N
12   1,2   3,2   13:11  -0,1   22:26  17,1   0,0   8,6   3,6  15,5   14:06   ZZW
13   3,6   6,6   20:49   0,1   00:03  14,7   0,0  15,5   6,9  16,9   11:29     Z
14   3,8   6,0   14:09   1,3   22:58  14,5   0,0   6,1   6,4  22,3   13:53   ZZW
15   3,3   5,2   13:33   0,9   03:49  15,0   0,0   0,5   3,3  11,9   07:32     Z
16   2,9   6,5   14:56   0,2   06:47  15,4   0,0   2,8   1,3   7,6   12:22    ZW
17   2,7   5,7   14:05  -0,3   09:25  15,6   0,0   4,3   3,5  16,9   20:34     Z
18   6,6   8,5   13:23   3,2   00:00  11,7   0,0   1,0   3,5  13,0   00:02   NNW
19   5,3   7,6   13:26   3,2   05:43  13,0   0,0   0,0   2,2   9,7   12:09   ZZW
20   7,6   9,0   14:28   6,0   00:00  10,7   0,0   1,3   1,4   6,5   01:15   ZZW
21   8,9  10,3   13:53   7,8   00:00   9,4   0,0   0,5   1,6   6,5   08:44   ZZW
22   9,4   9,6   01:41   9,0   21:58   8,9   0,0   2,0   1,2   5,8   01:41    ZW
23   9,3  10,0   13:36   8,4   02:52   9,0   0,0   0,0   4,6  16,9   13:55   ZZW
24   9,6  10,7   15:59   8,7   23:24   8,7   0,0   0,0   6,6  19,8   20:33   ZZW
25   7,6   8,8   00:00   4,9   22:38  10,7   0,0   0,0   7,8  19,4   11:38   ZZW
26   5,9   7,9   13:05   4,6   02:23  12,4   0,0   1,3   7,9  23,0   05:40     Z
27   5,5   7,6   15:33   3,6   19:07  12,8   0,0   6,1   5,0  16,9   22:53     Z
28   3,5   5,7   14:53   1,6   23:38  14,8   0,0   2,8   3,5  14,4   15:21   ZZW
29   2,1   6,4   22:29  -0,8   05:27  16,2   0,0   5,3   5,9  15,8   14:37     Z
30   9,0  12,6   13:38   3,4   03:48   9,3   0,0   3,3   7,5  22,7   13:46   ZZW
31  11,5  14,0   11:59   9,0   23:57   6,8   0,0  15,5   9,1  30,2   12:11   ZZW
----------------------------------------------------------------------------------
     5,1  14,0    31    -2,6     1   410,5   0,0 103,3   4,5  35,6    10     ZZW

Max >=  27,0:  0
Max <=   0,0:  1
Min <=   0,0:  7
Min <= -18,0:  0
Max Rain: 15,5 on day 13
Days of Rain: 22 (>= 0,2 mm)  14 (>= 2,0 mm)  0 (>= 20,0 mm)
Heat Base: 18,3  Cool Base: 18,3  Method: Integration