NOAA-Style Climate Reports


Report for 2018
                   Annual Climatological Summary for 2018

Name: Weerstation Tilburg-Reeshof   City: Tilburg   State: Noord Brabant
Elevation: 7 m  Lat: N 51° 34' 46"   Lon: E 005° 00' 37"

                  Temperature (°C), Heat Base: 18,3  Cool Base: 18,3
                          Dep.  Heat  Cool                       Max  Max  Min  Min
        Mean  Mean        From  Deg   Deg                        >=   <=   <=   <=
 YR MO  Max   Min   Mean  Norm  Days  Days  Hi  Date  Low  Date 27,0  0,0  0,0 -18,0
------------------------------------------------------------------------------------
 18  1   8,3   3,7   6,0   2,9   380     0  14,8  24  -0,1   21    0    0    1    0
 18  2   5,6  -1,7   1,2  -2,1   478     0  10,0  15  -6,7   28    0    1   22    0
 18  3  10,6   1,8   5,6  -0,6   393     0  17,1  30  -6,8    1    0    0    9    0
 18  4  19,9   8,6  13,8   4,6   159    23  32,6  19   1,8    2    4    0    0    0
 18  5  26,2  12,0  18,4   5,3    80    82  33,1  26   5,2   11   17    0    0    0
 18  6  26,0  14,0  19,4   3,8    40    73  32,4  30   8,4   23   15    0    0    0
 18  7  31,1  16,6  23,3   5,4    15   169  40,4  27  12,8   18   28    0    0    0
 18  8  26,3  14,6  19,9   2,4    41    91  38,3   7   6,8   26   12    0    0    0
 18  9  22,6  12,3  16,9   2,4    64    30  27,6  17   5,6   24    4    0    0    0
 18 10
 18 11
 18 12
------------------------------------------------------------------------------------
        19,6   9,1  13,8   2,7  1654   471  40,4 jul  -6,8  mrt   80    1   32    0

                                Precipitation (mm)

              Dep.   Max        Days of Rain
              From   Obs.           >=
 YR MO Total  Norm   Day Date  0,2  2,0 20,0
---------------------------------------------
 18  1  90,7  23,7  10,9   3    25   13    0
 18  2  16,5 -31,5   4,8  15     7    3    0
 18  3  73,6   7,6  14,2  31    18   15    0
 18  4  85,9  42,9  21,9  30    13   10    1
 18  5  32,5 -29,5  11,2   1     9    4    0
 18  6   2,8 -69,2   1,8   1     3    0    0
 18  7   2,8 -67,2   2,8  28     1    1    0
 18  8  67,0   9,0  16,0  17    13   10    0
 18  9  35,9 -36,1  13,5  23     9    5    0
 18 10
 18 11
 18 12
---------------------------------------------
       407,7-150,3  21,9  apr   98   61    1

                                Wind Speed (km/h)
                          Dom
 YR MO   Avg.  Hi   Date  Dir
------------------------------
 18  1   4,8  33,8   24   ZZW
 18  2   3,9  23,0   11    NW
 18  3   3,8  23,4    8    ZW
 18  4   3,1  26,6   30   ZZW
 18  5   2,7  25,2   16   NNW
 18  6   3,5  22,0   28   NNW
 18  7   3,0  20,5    3   NNW
 18  8   3,6  24,1    9   WZW
 18  9   4,4  36,4   21    ZW
 18 10
 18 11
 18 12
------------------------------
         3,7  36,4  sep     W