NOAA-Style Climate Reports


Report for 2018 januari
                   Monthly Climatological Summary for jan 2018

Name: Weerstation Tilburg-Reeshof   City: Tilburg   State: Noord Brabant
Elevation: 7 m  Lat: N 51° 34' 46"   Lon: E 005° 00' 37"

                  Temperature (°C), Rain (mm), Wind Speed (km/h)

                                      Heat  Cool        Avg
    Mean                              Deg   Deg         Wind                 Dom
Day Temp  High   Time   Low    Time   Days  Days  Rain  Speed High   Time    Dir
----------------------------------------------------------------------------------
 1   7,0   9,0   00:00   5,3   20:55  11,3   0,0   8,4   6,5  25,6   02:07   ZZW
 2   6,5   8,7   23:55   5,3   00:50  11,8   0,0   4,3   5,1  15,1   23:22   ZZW
 3   9,1  11,1   03:44   7,1   07:58   9,2   0,0  10,9   9,4  23,0   03:32   ZZW
 4   8,4  11,3   17:00   6,6   07:30   9,9   0,0   1,3   6,6  25,9   19:12     Z
 5   7,1   9,3   14:11   4,5   23:57  11,2   0,0   7,6   4,9  18,4   05:07   ZZW
 6   4,6   6,5   15:02   1,3   08:47  13,7   0,0   0,5   3,2  12,6   21:27     N
 7   2,4   4,4   00:00   0,7   21:41  15,9   0,0   0,0   8,3  19,1   16:16     N
 8   2,5   4,5   15:09   1,2   00:00  15,8   0,0   0,0   4,6  15,8   02:47     N
 9   3,6   6,5   23:47   1,0   09:08  14,7   0,0   0,0   2,2   8,3   01:11   ZZW
10   7,2   8,2   14:19   6,5   00:00  11,1   0,0   4,3   3,1   9,7   07:41     Z
11   6,3   8,5   15:04   4,1   04:06  12,0   0,0   0,0   1,2   7,2   20:16     N
12   5,8   6,2   00:00   5,4   07:58  12,5   0,0   0,0   1,1   6,5   02:29     N
13   5,1   7,5   13:44   2,7   21:45  13,2   0,0   0,0   1,8  12,2   12:49    ZW
14   3,8   7,0   15:00   1,7   21:49  14,5   0,0   0,8   2,6  10,4   11:44    ZW
15   4,9   7,6   21:10   1,2   01:27  13,4   0,0   9,7   7,4  24,5   17:44     Z
16   5,5   7,6   13:50   3,5   20:46  12,8   0,0   2,8   5,8  22,3   01:28   ZZW
17   4,7   6,7   14:44   3,0   09:34  13,6   0,0   0,8   5,5  16,6   17:55   ZZW
18   5,5  10,5   08:43   2,7   20:11  12,8   0,0   7,1   7,4  32,4   09:47   ZZW
19   3,8   7,0   13:54   2,4   23:50  14,5   0,0   5,3   3,7  15,8   13:35     Z
20   2,4   4,2   14:16   0,5   06:52  15,9   0,0   3,3   2,6   9,4   09:38     Z
21   2,8   5,6   14:28  -0,1   08:36  15,5   0,0   2,3   2,5  15,1   22:07     Z
22   6,6   9,2   13:44   2,3   00:00  11,7   0,0   1,0   2,4  11,5   00:20   ZZW
23   8,5  11,4   23:49   6,5   05:44   9,8   0,0   1,0   6,2  20,5   21:32     Z
24  12,6  14,8   13:10   8,4   23:33   5,7   0,0   1,3  10,7  33,8   14:04     Z
25   7,7  10,0   14:13   6,1   22:51  10,6   0,0   0,5   4,1  11,5   05:02     Z
26   5,4   7,0   16:00   3,8   21:07  12,9   0,0   0,5   1,8   7,6   00:35     Z
27   6,0   8,0   13:22   5,2   05:18  12,3   0,0   1,5   5,6  18,7   22:40     Z
28   9,7  11,9   15:09   5,9   00:00   8,6   0,0   0,8   7,0  19,1   21:35     Z
29   9,9  11,3   14:39   5,3   23:51   8,4   0,0   3,3   6,7  22,3   15:11   ZZW
30   4,3   7,9   15:12   1,7   08:37  14,0   0,0   0,5   1,9   9,0   23:41     Z
31   6,9   9,4   05:24   2,3   23:30  11,4   0,0  10,9   7,2  20,5   13:53     Z
----------------------------------------------------------------------------------
     6,0  14,8    24    -0,1    21   380,7   0,0  90,7   4,8  33,8    24     ZZW

Max >=  27,0:  0
Max <=   0,0:  0
Min <=   0,0:  1
Min <= -18,0:  0
Max Rain: 10,9 on day 3
Days of Rain: 25 (>= 0,2 mm)  13 (>= 2,0 mm)  0 (>= 20,0 mm)
Heat Base: 18,3  Cool Base: 18,3  Method: Integration