NOAA-Style Climate Reports


Report for 2018 february
                   Monthly Climatological Summary for feb 2018

Name: Weerstation Tilburg-Reeshof   City: Tilburg   State: Noord Brabant
Elevation: 7 m  Lat: N 51° 34' 46"   Lon: E 005° 00' 37"

                  Temperature (°C), Rain (mm), Wind Speed (km/h)

                                      Heat  Cool        Avg
    Mean                              Deg   Deg         Wind                 Dom
Day Temp  High   Time   Low    Time   Days  Days  Rain  Speed High   Time    Dir
----------------------------------------------------------------------------------
 1   2,9   6,6   15:12   0,7   05:19  15,4   0,0   1,0   4,6  14,8   11:47     Z
 2   4,4   6,7   15:13   2,8   23:57  13,9   0,0   4,6   3,0  12,2   06:24    ZW
 3   2,5   5,2   14:49   0,0   02:19  15,8   0,0   0,0   2,0  15,1   23:15   ZZW
 4   1,8   3,4   13:29   0,1   03:54  16,5   0,0   0,0   5,2  19,1   12:34     N
 5   1,4   5,0   13:54  -1,2   23:30  16,9   0,0   0,0   3,9  13,7   10:31     N
 6  -1,3   2,0   14:44  -3,1   07:40  19,6   0,0   0,0   3,8  12,2   16:18     N
 7  -1,5   3,1   15:18  -4,3   07:55  19,8   0,0   0,0   2,9  11,2   11:18     N
 8   0,3   6,0   15:02  -3,5   00:33  18,0   0,0   0,0   2,4   7,9   15:52     Z
 9   0,5   3,6   14:39  -1,5   05:27  17,8   0,0   0,5   5,5  16,2   12:21     Z
10   3,8   7,6   15:28   1,4   00:00  14,5   0,0   0,5   4,3  19,8   23:46     Z
11   4,5   8,1   14:35   2,3   00:14  13,8   0,0   4,6   6,5  23,0   03:05     Z
12   3,0   6,6   13:29   0,0   23:28  15,3   0,0   0,5   2,9  13,3   12:41   ZZW
13   2,0   8,0   15:03  -1,2   05:09  16,3   0,0   0,0   5,1  20,2   12:05     Z
14   2,1   7,3   15:34  -2,2   08:00  16,2   0,0   0,0   5,6  17,3   22:03     Z
15   4,6  10,0   15:11   0,9   23:25  13,7   0,0   4,8   4,5  16,9   04:22     Z
16   3,2   9,5   15:26  -0,4   07:58  15,1   0,0   0,0   1,7  10,4   13:01   ZZW
17   2,4   8,7   15:28  -1,9   23:59  15,9   0,0   0,0   0,9   7,6   16:10   NNW
18   1,4   8,5   15:07  -3,2   05:31  16,9   0,0   0,0   1,6  10,1   13:38     Z
19   2,4   5,7   14:58  -0,1   04:24  15,9   0,0   0,0   2,4   9,0   14:07     Z
20   1,9   6,8   15:04  -1,9   04:13  16,4   0,0   0,0   1,8   9,0   13:42     N
21   1,2   6,3   15:08  -2,2   07:34  17,1   0,0   0,0   3,8  11,2   12:33     N
22   1,1   6,2   15:05  -2,1   07:14  17,2   0,0   0,0   4,9  19,1   16:14     N
23   0,3   4,9   15:18  -2,8   05:58  18,0   0,0   0,0   4,6  16,6   12:53     N
24   0,2   5,2   14:13  -3,0   06:33  18,1   0,0   0,0   5,8  20,9   16:08   NNW
25  -1,1   2,6   15:04  -3,8   07:46  19,4   0,0   0,0   5,6  15,8   02:09   NNW
26  -2,6   1,3   13:52  -5,0   07:54  20,9   0,0   0,0   6,0  19,4   14:56     N
27  -2,9   1,9   15:50  -5,9   06:39  21,2   0,0   0,0   4,5  16,9   12:11     N
28  -4,8  -1,2   13:17  -6,7   23:50  23,1   0,0   0,0   4,9  22,0   14:02   NNW
----------------------------------------------------------------------------------
     1,2  10,0    15    -6,7    28   478,7   0,0  16,5   3,9  23,0    11     WNW

Max >=  27,0:  0
Max <=   0,0:  1
Min <=   0,0: 22
Min <= -18,0:  0
Max Rain: 4,8 on day 15
Days of Rain: 7 (>= 0,2 mm)  3 (>= 2,0 mm)  0 (>= 20,0 mm)
Heat Base: 18,3  Cool Base: 18,3  Method: Integration