NOAA-Style Climate Reports


Report for 2018 maart
                   Monthly Climatological Summary for mrt 2018

Name: Weerstation Tilburg-Reeshof   City: Tilburg   State: Noord Brabant
Elevation: 7 m  Lat: N 51° 34' 46"   Lon: E 005° 00' 37"

                  Temperature (°C), Rain (mm), Wind Speed (km/h)

                                      Heat  Cool        Avg
    Mean                              Deg   Deg         Wind                 Dom
Day Temp  High   Time   Low    Time   Days  Days  Rain  Speed High   Time    Dir
----------------------------------------------------------------------------------
 1  -3,3   1,5   14:59  -6,8   00:46  21,6   0,0   0,0   7,2  20,5   10:42   NNW
 2  -2,7   0,4   16:04  -5,8   07:33  21,0   0,0   0,0   5,7  19,4   13:31   NNW
 3  -0,5   2,7   15:48  -2,6   07:14  18,8   0,0   2,8   2,9  11,2   16:54    NW
 4   5,1  12,1   13:45  -0,2   01:29  13,2   0,0   2,8   3,3  14,4   22:23   ZZW
 5   7,2  13,0   15:56   3,1   07:44  11,1   0,0   0,0   3,9  17,3   01:19     Z
 6   6,4  11,7   13:41   2,5   22:53  11,9   0,0   0,0   1,8  13,7   11:10   ZZW
 7   6,1  10,5   14:38   3,0   05:42  12,2   0,0   2,0   3,1  12,2   20:51     Z
 8   5,2   9,3   16:10   1,5   06:06  13,1   0,0   4,1   6,3  23,4   15:07     Z
 9   6,6  13,4   15:15   1,6   06:33  11,7   0,0   2,8   3,3  10,1   13:20     Z
10  11,7  16,6   14:07   8,0   00:00   6,6   0,0   2,5   3,8  14,0   10:59     Z
11  11,5  16,5   17:03   8,7   04:09   6,8   0,0   1,8   3,1  17,6   12:38     Z
12  10,7  14,9   13:47   8,3   06:45   7,6   0,0   6,1   4,1  14,8   13:51     Z
13   6,4   9,0   00:00   5,0   23:59  11,9   0,0   7,6   3,9  14,8   03:43    ZW
14   6,9  14,8   15:25   0,6   05:16  11,4   0,0   0,0   2,2  13,0   14:41    ZW
15   7,7  11,6   14:55   4,9   06:59  10,6   0,0   6,6   3,6  14,0   10:00    ZW
16   5,7   7,7   11:22   1,2   23:59  12,6   0,0   2,8   2,6  17,3   18:54   NNW
17  -1,0   1,2   00:00  -2,0   07:54  19,3   0,0   0,0   7,7  22,0   10:57     N
18  -0,3   2,8   14:36  -1,9   07:47  18,6   0,0   0,0   6,6  20,2   14:34   NNW
19   0,6   6,1   16:25  -3,1   07:07  17,7   0,0   0,0   5,5  16,9   15:29     N
----------------------------------------------------------------------------------
     4,7  16,6    10    -6,8     1   257,7   0,0  41,9   4,2  23,4     8     WZW

Max >=  27,0:  0
Max <=   0,0:  0
Min <=   0,0:  7
Min <= -18,0:  0
Max Rain: 7,6 on day 13
Days of Rain: 11 (>= 0,2 mm)  10 (>= 2,0 mm)  0 (>= 20,0 mm)
Heat Base: 18,3  Cool Base: 18,3  Method: Integration