NOAA-Style Climate Reports


Report for 2018 april
                   Monthly Climatological Summary for apr 2018

Name: Weerstation Tilburg-Reeshof   City: Tilburg   State: Noord Brabant
Elevation: 7 m  Lat: N 51° 34' 46"   Lon: E 005° 00' 37"

                  Temperature (°C), Rain (mm), Wind Speed (km/h)

                                      Heat  Cool        Avg
    Mean                              Deg   Deg         Wind                 Dom
Day Temp  High   Time   Low    Time   Days  Days  Rain  Speed High   Time    Dir
----------------------------------------------------------------------------------
 1   5,9   7,9   11:02   2,2   23:54  12,4   0,0   4,1   1,6   8,3   10:19   WZW
 2   8,7  15,1   16:22   1,8   00:26   9,6   0,0   0,0   3,1  16,9   17:20     Z
 3  13,6  17,2   17:47  10,8   23:56   4,7   0,0   1,5   3,9  21,2   23:33     Z
 4  11,0  16,2   15:03   7,6   05:25   7,2   0,0   4,6   4,6  20,5   17:01     Z
 5   8,3  12,4   18:09   2,8   23:58  10,0   0,0   3,8   4,4  17,3   05:43   WZW
 6   9,4  18,3   16:39   2,4   06:23   8,9   0,0   0,0   4,0  19,1   17:12   ZZW
 7  15,6  25,9   17:43   8,0   06:54   4,3   1,7   0,0   4,0  16,2   12:54     Z
 8  17,3  26,2   15:09  10,7   07:06   3,0   2,1   0,0   1,7  10,4   15:22   NNW
 9  14,7  20,0   14:33  11,1   07:27   3,8   0,2   0,0   3,9  13,7   18:15     N
10  16,0  22,2   15:51  11,8   07:27   2,8   0,5   9,9   2,8  13,0   23:35   ZZW
11  12,7  15,2   18:28  10,9   23:59   5,6   0,0   6,1   1,3   7,6   12:47     Z
12  11,6  15,8   17:43   8,5   07:04   6,7   0,0   0,0   2,9  12,2   09:55     N
13  11,7  16,3   14:13   7,2   06:37   6,6   0,0   0,0   1,7   9,4   10:09   ZZW
14  13,0  19,8   16:39   6,9   07:05   5,4   0,1   7,1   1,5   9,0   18:23   WNW
15  14,4  19,7   16:00  11,1   05:01   3,9   0,0   5,6   2,5  16,2   15:53     Z
16  13,3  18,7   16:33   8,6   23:56   5,1   0,0   0,0   1,9  11,2   11:31   ZZW
17  14,8  24,3   16:46   6,7   02:42   4,8   1,3   0,0   2,5  13,7   11:39     Z
18  18,8  28,7   17:30  10,0   06:15   2,8   3,3   0,0   1,8  12,6   14:32    ZW
19  22,7  32,6   16:52  14,6   07:16   0,8   5,2   0,0   2,7  13,3   13:57   ZZW
20  21,0  29,9   15:01  14,3   04:37   1,1   3,8   0,0   2,0  16,9   14:51   ZZW
21  17,7  26,1   17:24  10,5   06:41   2,7   2,1   0,0   2,6  11,2   14:02     N
22  19,5  30,5   15:28  13,4   06:38   1,5   2,7   0,5   2,4  13,7   15:01   ZZW
23  15,1  19,9   16:31  11,3   07:07   3,3   0,1   0,0   3,7  13,7   13:32   ZZW
24  13,0  18,0   16:54   9,2   03:45   5,3   0,0   0,0   5,3  14,0   17:20     Z
25  13,6  17,0   15:40  10,6   23:44   4,7   0,0   0,5   5,1  16,6   05:02   ZZW
26  11,9  16,8   15:05   7,4   05:50   6,4   0,0   3,8   5,1  18,0   10:44   ZZW
27  12,4  19,7   14:57   4,8   06:13   6,0   0,1   0,0   2,6   9,7   13:04   ZZW
28  13,8  17,5   17:08  10,9   23:57   4,5   0,0   0,0   3,7  13,7   14:52     Z
29  10,5  13,7   17:35   6,7   05:15   7,8   0,0  16,5   3,4  18,0   23:07     N
30  10,7  14,7   15:06   6,5   22:18   7,6   0,0  21,9   5,2  26,6   15:11     Z
----------------------------------------------------------------------------------
    13,8  32,6    19     1,8     2   159,3  23,2  85,9   3,1  26,6    30     ZZW

Max >=  27,0:  4
Max <=   0,0:  0
Min <=   0,0:  0
Min <= -18,0:  0
Max Rain: 21,9 on day 30
Days of Rain: 13 (>= 0,2 mm)  10 (>= 2,0 mm)  1 (>= 20,0 mm)
Heat Base: 18,3  Cool Base: 18,3  Method: Integration