NOAA-Style Climate Reports


Report for 2018 mei
                   Monthly Climatological Summary for mei 2018

Name: Weerstation Tilburg-Reeshof   City: Tilburg   State: Noord Brabant
Elevation: 7 m  Lat: N 51° 34' 46"   Lon: E 005° 00' 37"

                  Temperature (°C), Rain (mm), Wind Speed (km/h)

                                      Heat  Cool        Avg
    Mean                              Deg   Deg         Wind                 Dom
Day Temp  High   Time   Low    Time   Days  Days  Rain  Speed High   Time    Dir
----------------------------------------------------------------------------------
 1  10,4  18,5   18:06   5,7   05:34   7,9   0,0  11,2   5,7  19,4   03:30   ZZW
 2  12,7  21,2   16:00   5,6   04:42   6,1   0,4   0,0   5,3  19,4   13:09     Z
 3  12,5  19,0   17:32   6,3   06:22   5,8   0,0   0,0   2,2  12,2   13:30   NNW
 4  13,8  22,4   17:38   5,4   05:19   5,3   0,8   0,0   3,0  15,1   19:06     N
 5  16,9  25,9   18:20   8,8   06:08   3,4   2,1   0,0   3,8  14,0   13:47     N
 6  20,0  30,8   17:16  10,3   06:54   2,3   4,0   0,0   2,5  11,9   11:19   NNW
 7  21,6  30,1   15:33  13,7   06:34   1,0   4,2   0,0   1,9  11,2   16:46    NW
 8  22,6  32,4   16:59  13,9   06:26   0,9   5,2   0,0   1,5   9,4   16:28    ZW
 9  20,3  28,9   16:13  14,2   06:02   1,0   3,0   0,0   1,7  10,4   13:23   WZW
10  14,5  20,5   16:59   9,7   23:57   3,9   0,1   1,5   2,9  11,5   09:31    ZW
11  14,3  23,2   17:04   5,2   05:43   5,1   1,0   0,0   0,8   8,6   14:22   ZZW
12  19,2  28,3   17:19  10,7   05:05   2,1   3,0   0,0   1,7   9,4   12:25    ZW
13  15,1  18,6   00:00  12,2   23:32   3,2   0,0   1,3   1,9   9,0   06:50     W
14  18,3  29,3   17:38  11,5   05:49   3,0   3,0   0,0   3,5  16,2   11:28     N
15  21,3  28,0   17:41  14,6   06:33   0,6   3,6   0,0   3,5  22,7   13:56     N
16  17,4  23,6   16:08  12,5   23:57   1,9   1,0   0,5   4,6  25,2   19:52     N
17  13,6  20,2   15:51   9,3   23:57   4,9   0,2   0,0   3,3  18,0   14:46     N
18  12,4  18,6   17:50   7,3   05:04   5,9   0,0   0,0   2,3  14,4   13:02     N
19  11,6  14,8   14:21   8,5   01:38   6,7   0,0   0,0   1,2   9,4   03:52   NNW
20  17,1  27,6   16:33   7,4   03:00   4,0   2,9   0,0   2,3  12,2   18:04     N
21  21,1  29,5   15:33  13,0   06:09   1,2   4,1   0,0   2,0  11,9   12:13   NNW
22  19,3  28,5   14:22  13,7   05:24   1,1   2,1   1,5   0,8  19,4   16:10   NNO
23  19,7  26,8   18:07  14,7   05:22   1,1   2,4   7,9   3,9  17,3   18:09     N
24  19,0  25,0   16:20  15,2   06:21   0,9   1,6   2,5   3,5  11,9   13:36     N
25  21,8  30,9   16:25  14,6   06:09   0,8   4,4   0,0   1,7  10,1   19:57   WNW
26  24,7  33,1   17:31  17,0   05:21   0,2   6,5   0,0   2,5  11,9   14:09   NNW
27  22,9  28,9   11:58  19,7   05:16   0,0   4,6   0,0   2,5   8,6   13:19   NNW
28  24,7  32,6   15:51  16,9   05:50   0,2   6,6   0,8   2,6  16,2   22:11     N
29  24,1  32,4   14:00  19,8   23:56   0,0   5,8   0,0   3,5  13,7   02:31   NNW
30  24,0  32,6   17:01  17,3   06:15   0,1   5,8   0,0   2,0  11,2   16:59   ZZW
31  22,4  30,9   17:19  18,5   05:54   0,0   4,1   5,3   2,4  15,8   17:48   NNW
----------------------------------------------------------------------------------
    18,4  33,1    26     5,2    11    80,6  82,5  32,5   2,7  25,2    16     NNW

Max >=  27,0: 17
Max <=   0,0:  0
Min <=   0,0:  0
Min <= -18,0:  0
Max Rain: 11,2 on day 1
Days of Rain: 9 (>= 0,2 mm)  4 (>= 2,0 mm)  0 (>= 20,0 mm)
Heat Base: 18,3  Cool Base: 18,3  Method: Integration