NOAA-Style Climate Reports


Report for 2018 juli
                   Monthly Climatological Summary for jul 2018

Name: Weerstation Tilburg-Reeshof   City: Tilburg   State: Noord Brabant
Elevation: 7 m  Lat: N 51° 34' 46"   Lon: E 005° 00' 37"

                  Temperature (°C), Rain (mm), Wind Speed (km/h)

                                      Heat  Cool        Avg
    Mean                              Deg   Deg         Wind                 Dom
Day Temp  High   Time   Low    Time   Days  Days  Rain  Speed High   Time    Dir
----------------------------------------------------------------------------------
 1  24,0  32,0   16:45  17,3   06:22   0,1   5,8   0,0   4,7  15,1   17:36   NNW
 2  23,5  31,2   17:00  15,7   06:14   0,3   5,5   0,0   4,5  19,8   17:17     N
 3  23,1  33,0   16:14  14,6   06:02   0,7   5,5   0,0   5,2  20,5   19:56     N
 4  23,2  31,3   17:17  15,5   06:37   0,4   5,3   0,0   4,1  14,0   21:06     N
 5  22,0  29,6   17:11  16,2   05:55   0,3   4,1   0,0   2,8  16,9   18:12     N
 6  22,1  30,6   16:15  15,3   05:54   0,6   4,5   0,0   2,7  13,7   14:53     N
 7  22,4  29,8   15:51  15,6   05:31   0,5   4,6   0,0   3,3  13,7   14:52     N
 8  21,4  29,5   16:08  14,6   05:39   0,7   3,9   0,0   3,7  20,2   18:34     N
 9  20,1  26,0   17:13  14,9   05:33   0,9   2,6   0,0   2,9  14,4   21:23     N
10  17,2  21,8   18:54  14,2   06:52   1,5   0,4   0,0   2,9  12,6   21:33   NNW
11  18,9  25,8   15:05  13,0   05:30   1,7   2,3   0,0   2,8  15,8   17:45     N
12  21,1  29,2   16:34  15,3   05:52   0,7   3,5   0,0   3,0  14,4   14:14     N
13  21,0  29,6   17:00  14,3   04:38   1,2   3,9   0,0   2,5  13,0   20:42     N
14  21,8  30,5   17:14  13,6   06:06   1,0   4,5   0,0   3,5  13,0   15:19     N
15  23,9  32,7   17:30  15,4   05:54   0,5   6,1   0,0   2,6  14,0   17:19     N
16  25,2  33,6   17:12  16,8   06:07   0,1   7,0   0,0   2,1  14,0   15:11   NNW
17  22,5  29,6   13:46  17,1   06:05   0,1   4,2   0,0   3,2  16,9   13:14    ZW
18  20,8  29,7   15:15  12,8   05:46   1,3   3,8   0,0   2,0  16,6   19:59     W
19  21,9  29,7   16:00  14,6   05:37   0,7   4,3   0,0   2,0  16,9   18:15     N
20  21,5  29,2   17:22  14,0   05:52   0,9   4,1   0,0   2,2  13,7   17:24     N
21  23,4  30,4   15:59  17,7   06:24   0,0   5,1   0,0   2,1  12,2   12:27   NNW
22  22,5  30,7   15:14  14,3   05:37   0,7   4,9   0,0   1,8   9,7   17:00     W
23  25,9  34,4   17:30  18,8   06:28   0,0   7,6   0,0   1,8  12,2   15:39    NW
24  26,6  34,8   15:51  19,2   05:58   0,0   8,3   0,0   1,7  14,0   20:42     N
25  27,6  34,3   15:54  21,8   05:28   0,0   9,3   0,0   3,4  15,8   15:28     N
26  29,0  40,0   15:59  20,9   06:26   0,0  10,7   0,0   2,5  11,5   19:01   NNW
27  31,6  40,4   17:18  25,0   06:30   0,0  13,3   0,0   2,4  18,4   14:45     W
28  24,2  29,3   00:00  18,6   23:56   0,0   5,9   2,8   3,8  16,2   16:37    ZW
29  22,7  29,3   14:38  16,3   06:50   0,5   4,9   0,0   3,9  16,6   12:43   ZZW
30  26,4  36,0   16:58  20,6   06:52   0,0   8,1   0,0   4,2  14,8   11:15   ZZW
31  24,2  30,0   16:52  20,0   06:21   0,0   5,9   0,0   3,0  19,4   12:29    ZW
----------------------------------------------------------------------------------
    23,3  40,4    27    12,8    18    15,4 169,9   2,8   3,0  20,5     3     NNW

Max >=  27,0: 28
Max <=   0,0:  0
Min <=   0,0:  0
Min <= -18,0:  0
Max Rain: 2,8 on day 28
Days of Rain: 1 (>= 0,2 mm)  1 (>= 2,0 mm)  0 (>= 20,0 mm)
Heat Base: 18,3  Cool Base: 18,3  Method: Integration