NOAA-Style Climate Reports


Report for 2018 augustus
                   Monthly Climatological Summary for aug 2018

Name: Weerstation Tilburg-Reeshof   City: Tilburg   State: Noord Brabant
Elevation: 7 m  Lat: N 51° 34' 46"   Lon: E 005° 00' 37"

                  Temperature (°C), Rain (mm), Wind Speed (km/h)

                                      Heat  Cool        Avg
    Mean                              Deg   Deg         Wind                 Dom
Day Temp  High   Time   Low    Time   Days  Days  Rain  Speed High   Time    Dir
----------------------------------------------------------------------------------
 1  23,6  32,2   17:55  16,4   06:09   0,2   5,5   0,0   2,0  13,0   14:27     N
 2  25,2  34,2   17:00  18,3   06:24   0,0   6,9   0,0   2,3  15,5   13:09     N
 3  26,5  34,8   15:50  18,4   06:37   0,0   8,2   0,0   2,5  13,7   14:04     N
 4  25,0  32,5   16:25  18,6   23:51   0,0   6,7   0,0   3,5  15,5   18:29     N
 5  22,6  30,0   17:41  16,5   06:16   0,3   4,6   0,0   3,9  16,2   18:17     N
 6  25,7  37,2   16:06  17,1   06:23   0,1   7,6   0,0   2,3  11,9   20:03   NNW
 7  28,2  38,3   16:41  18,7   06:19   0,0   9,9   0,0   1,4  10,4   17:28    ZW
 8  21,6  29,0   00:34  16,6   23:52   0,1   3,4  10,4   4,5  19,1   11:47    ZW
 9  18,2  23,2   18:48  14,2   03:40   1,2   1,2   3,3   3,4  24,1   19:18    ZW
10  17,5  24,3   17:15  12,0   05:40   2,4   1,6   1,8   6,2  18,0   16:11   ZZW
11  17,0  24,0   16:30  11,8   06:43   2,5   1,3   3,3   2,9  14,0   10:21    ZW
12  21,7  31,0   17:09  13,8   01:12   1,3   4,7   0,0   4,1  19,8   16:04   ZZW
13  19,8  22,8   12:53  16,3   23:44   0,2   1,7   4,8   3,7  14,8   09:39    ZW
14  19,8  24,8   14:00  16,1   00:36   0,5   2,0   2,8   4,1  12,6   19:00     W
15  19,5  24,0   15:06  16,4   02:13   0,5   1,7   0,0   5,1  16,9   16:04    ZW
16  19,8  27,6   16:14  14,4   06:32   1,2   2,7   0,0   4,7  15,1   09:47    ZW
17  19,1  25,5   17:30  14,4   23:57   1,1   1,9  16,0   2,2  14,8   12:44   WNW
18  17,9  23,7   13:13  11,7   06:45   2,2   1,8   0,0   4,4  16,9   12:41    ZW
19  20,3  26,8   16:55  13,9   06:47   0,7   2,7   0,0   5,7  19,8   16:21    ZW
20  20,9  23,4   15:10  18,6   03:14   0,0   2,6   0,0   2,9  10,1   00:36     W
21  22,2  27,8   16:38  17,4   04:02   0,1   4,0   0,0   1,7  10,8   13:34     N
22  21,3  27,2   16:38  16,7   05:09   0,3   3,3   0,0   2,2  13,3   15:47     W
23  19,4  25,2   17:51  14,8   03:05   1,1   2,1   2,8   4,6  17,6   13:44    ZW
24  17,0  20,6   14:29  14,5   08:34   1,7   0,4   0,0   5,0  19,4   11:04   WZW
25  13,3  18,0   14:01   9,9   23:52   5,0   0,0   5,3   5,5  20,5   12:26    ZW
26  13,9  21,4   14:44   6,8   06:38   4,8   0,4   1,3   5,1  21,6   12:41   ZZW
27  16,9  20,6   12:25  12,9   01:08   1,7   0,3   2,8   7,6  22,7   10:11    ZW
28  17,5  22,6   17:34  12,4   06:31   1,9   1,2   0,0   2,7  10,4   11:10   ZZW
29  15,2  20,8   14:14  10,6   06:33   3,5   0,4  11,9   2,0  16,9   19:55   NNO
30  16,3  21,6   16:33  12,4   07:04   2,6   0,6   0,5   2,6  16,9   11:53   NNW
31  14,9  21,5   15:30   8,8   07:09   4,0   0,5   0,0   1,6  12,2   15:15    NO
----------------------------------------------------------------------------------
    19,9  38,3     7     6,8    26    41,2  91,9  67,0   3,6  24,1     9     WZW

Max >=  27,0: 12
Max <=   0,0:  0
Min <=   0,0:  0
Min <= -18,0:  0
Max Rain: 16,0 on day 17
Days of Rain: 13 (>= 0,2 mm)  10 (>= 2,0 mm)  0 (>= 20,0 mm)
Heat Base: 18,3  Cool Base: 18,3  Method: Integration